8.
2
What is the greatest common divisor of 362261 and 193?
193
What is the highest common divisor of 5145 and 39705?
15
Calculate the highest common divisor of 1642030 and 4458.
1486
What is the greatest common divisor of 21 and 210252?
21
Calculate the highest common divisor of 242963 and 147.
7
Calculate the greatest common divisor of 10 and 198430.
10
Calculate the highest common divisor of 39536 and 8736.
112
Calculate the greatest common factor of 246409 and 956.
239
What is the greatest common divisor of 16484 and 208?
52
What is the highest common divisor of 600260 and 60?
20
What is the greatest common divisor of 18 and 4911?
3
Calculate the highest common factor of 1155 and 23415.
105
What is the greatest common factor of 29058 and 12?
6
Calculate the greatest common divisor of 510 and 560.
10
Calculate the highest common factor of 45 and 31545.
45
What is the greatest common factor of 698 and 160889?
349
What is the highest common divisor of 1400 and 2515275?
175
Calculate the greatest common divisor of 205 and 7831.
41
What is the highest common divisor of 597 and 19303?
199
What is the greatest common factor of 193266 and 486?
162
What is the greatest common divisor of 74629 and 1776?
37
What is the greatest common divisor of 1090 and 190?
10
What is the highest common factor of 5128090 and 110?
110
Calculate the highest common divisor of 6 and 8422.
2
Calculate the highest common divisor of 28 and 222698.
14
What is the greatest common divisor of 705826 and 176?
22
What is the highest common divisor of 69046 and 551?
19
Calculate the greatest common divisor of 20020 and 27874.
154
Calculate the highest common factor of 3926 and 1274.
26
What is the highest common divisor of 1100 and 70675?
275
What is the greatest common factor of 740 and 23495?
185
Calculate the greatest common factor of 315894 and 51.
51
Calculate the greatest common divisor of 185 and 5415.
5
What is the greatest common divisor of 2912533 and 26?
13
Calculate the highest common divisor of 220 and 187660.
220
What is the highest common divisor of 336 and 6930?
42
Calculate the greatest common divisor of 108 and 27072.
36
What is the greatest common divisor of 21 and 189210?
21
What is the greatest common factor of 1166482 and 332?
166
Calculate the greatest common factor of 56 and 78211.
7
What is the highest common divisor of 28 and 590709?
7
What is the highest common factor of 267397 and 819?
13
Calculate the highest common divisor of 11834 and 1746.
194
What is the greatest common divisor of 15 and 17445?
15
Calculate the highest common factor of 111 and 789.
3
Calculate the greatest common factor of 14091 and 231.
231
Calculate the greatest common factor of 800 and 2070.
10
Calculate the highest common factor of 395317 and 494.
13
What is the highest common divisor of 8262 and 3564?
162
Calculate the highest common factor of 548867 and 902.
451
Calculate the greatest common factor of 2726 and 282.
94
What is the highest common factor of 1155 and 16863?
231
What is the greatest common divisor of 330 and 687126?
66
Calculate the greatest common factor of 2914 and 186.
62
What is the highest common divisor of 123 and 28839?
3
Calculate the highest common divisor of 21575 and 75.
25
Calculate the highest common divisor of 19871 and 186.
31
What is the greatest common divisor of 13664 and 549?
61
What is the highest common divisor of 210 and 81276?
6
What is the greatest common divisor of 84158 and 21924?
58
Calculate the greatest common factor of 3766560 and 80.
80
What is the highest common divisor of 576 and 248000?
64
What is the highest common factor of 6685 and 281725?
955
What is the highest common divisor of 1032 and 11481?
129
What is the highest common factor of 1989 and 323?
17
What is the highest common divisor of 157845 and 255?
255
What is the greatest common factor of 304 and 121696?
16
What is the greatest common factor of 60246 and 342?
18
What is the highest common factor of 9265 and 289?
17
What is the greatest common divisor of 5777907 and 303?
303
Calculate the greatest common factor of 215 and 266514.
43
What is the greatest common factor of 106438 and 988?
38
What is the highest common factor of 1286608 and 5432?
776
What is the highest common factor of 2050140 and 94?
94
What is the greatest common divisor of 95230 and 80?
10
Calculate the highest common divisor of 64 and 419.
1
What is the greatest common divisor of 2233252 and 141?
47
Calculate the highest common divisor of 60236 and 44.
44
Calculate the highest common factor of 557536 and 6419.
917
Calculate the highest common divisor of 540 and 139140.
180
Calculate the greatest common divisor of 14 and 32753.
7
Calculate the highest common divisor of 3870 and 119110.
430
Calculate the greatest common factor of 3670 and 2.
2
Calculate the highest common factor of 204 and 16452.
12
Calculate the greatest common factor of 72846 and 95.
19
Calculate the highest common factor of 420861 and 63.
21
What is the highest common divisor of 17880 and 240?
120
Calculate the highest common divisor of 1495 and 322205.
65
Calculate the greatest common factor of 36 and 237732.
12
Calculate the greatest common divisor of 48 and 119232.
48
Calculate the highest common factor of 142 and 32234.
142
Calculate the highest common factor of 24502 and 2.
2
What is the highest common factor of 144 and 9804?
12
Calculate the greatest common factor of 52932 and 3300.
132
Calculate the highest common divisor of 87746 and 4526.
146
Calculate the highest common divisor of 66288 and 48.
48
Calculate the greatest common factor of 4988 and 70176.
172
What is the highest common divisor of 806 and 64294?
62
What is the greatest common divisor of 1050 and 200?
50
What is the greatest common factor of 27 and 999?
27
Calculate the highest common divisor of 231 and 107547.
33
Calculate the greatest common divisor of 1673 and 63.
7
Calculate the greatest common divisor of 189462 and 72072.
546
What is the highest common divisor of 5768 and 3283?
7
Calculate the highest common factor of 64 and 156048.
16
What is the greatest common divisor of 400 and 16850?
50
What is the greatest common divisor of 80661 and 42?
21
What is the highest common factor of 220688 and 754?
26
Calculate the greatest common factor of 362 and 1046.
2
What is the greatest common factor of 149343 and 201?
201
What is the highest common factor of 83 and 699773?
83
Calculate the highest common factor of 1257 and 219.
3
Calculate the greatest common factor of 670 and 300.
10
What is the greatest common factor of 4719 and 73788?
429
Calculate the highest common divisor of 18643 and 1442.
103
Calculate the greatest common divisor of 318 and 6506.
2
What is the highest common divisor of 10547 and 19663?
53
Calculate the greatest common factor of 6250 and 5750.
250
Calculate the highest common divisor of 20207 and 847.
121
What is the greatest common divisor of 56 and 109576?
8
What is the highest common factor of 3388 and 121121?
847
Calculate the highest common divisor of 2951 and 13.
13
Calculate the greatest common factor of 77 and 4137.
7
What is the greatest common divisor of 65415 and 12726?
21
Calculate the greatest common factor of 11050 and 109200.
650
What is the greatest common divisor of 121450 and 490?
70
What is the highest common factor of 100360 and 3640?
520
Calculate the highest common divisor of 246 and 77203.
41
What is the highest common divisor of 22042 and 1648?
206
What is the highest common divisor of 1179 and 19476?
9
Calculate the greatest common divisor of 3490356 and 239.
239
What is the highest common divisor of 66 and 227139?
33
Calculate the highest common divisor of 3484 and 677102.
134
What is the greatest common divisor of 5362 and 308?
14
Calculate the greatest common factor of 37094 and 34.
34
What is the highest common divisor of 1253 and 22017?
179
What is the highest common factor of 42 and 513471?
21
Calculate the highest common divisor of 1232 and 554708.
308
What is the highest common factor of 180 and 1111356?
36
Calculate the highest common divisor of 14918099 and 1403.
1403
What is the highest common factor of 167513 and 381?
127
What is the greatest common factor of 15615 and 3585?
15
Calculate the greatest